3 = -w - j, 5*w + 72 - 229 = 3*j. Let z be u(w). What is the highest common factor of z and 80?
20
Let t(p) = 2*p**2 - 21*p + 9. Let h be t(10). Let m be 20 + h - 50/10. Calculate the greatest common factor of 182 and m.
14
Let g = -671 - -739. Let x(l) = l**3 - l**2 + l + 17. Let y be 4 - (6 + (-4)/2). Let j be x(y). Calculate the greatest common factor of g and j.
17
Let a be 12 + (3 - 6)*-1. Let u(k) = -87*k + 6240. Let n be u(70). What is the highest common divisor of n and a?
15
Let n = -51 - -891. Let k be 1/(-1 + (-1754)/(-1752)). Suppose n + k = 12*z. Calculate the highest common divisor of z and 11.
11
Let n(d) = d**3 + 19*d**2 + 31*d - 44. Let a be n(-17). Calculate the highest common divisor of 651 and a.
7
Let x(h) = -h**3 - 24*h**2 - 2*h - 40. Let z be x(-24). Suppose -z*i = -17*i + 216. Suppose 5*y - 1 = 29. Calculate the greatest common factor of i and y.
6
Suppose -23*z = 374*z - 7838765. Calculate the greatest common divisor of 165 and z.
55
Suppose 5*j - 40 = p, 4*p - 128 = 6*p + 2*j. Let n be 1560/p*8*-1. What is the greatest common factor of 39 and n?
13
Suppose 49*o = -2*b + 45*o + 44, 0 = -5*b + 6*o + 126. Suppose 3*q = r + 117, 3*q - 2*q + 3*r = 49. What is the highest common factor of b and q?
8
Let k(l) = -l**3 - 27*l**2 + 27*l - 27. Let u be k(-28). Let x be 14645/808 - u/8. Calculate the highest common divisor of x and 66.
6
Let c(f) = f**3 - 2*f**2 + 7. Let u be c(2). Suppose -u*i - 1288 = -14*i. Let h be (-93)/(-4) - 2/8. What is the highest common factor of h and i?
23
Let k = 60 - 47. Suppose 0 = -k*p + 467 + 157. Calculate the highest common factor of p and 3.
3
Let a(v) = -v**2 - 6*v + 189. Let k = -42 + 25. Let s be a(k). What is the highest common divisor of s and 43?
1
Let i = 125 - 121. Suppose -i*c + 0*p - 2*p = -784, -784 = -4*c + 3*p. What is the highest common divisor of 56 and c?
28
Let s(t) = t**3 + 26*t**2 - 7*t - 56. Let w be s(-26). Suppose 7*o - w = -0*o. What is the greatest common factor of o and 153?
9
Let n be ((-1 - -5)/8)/(1/16). Let j(s) = 5*s**2 - 6*s - 11. Let v be j(-9). Calculate the greatest common divisor of v and n.
8
Suppose j - 1259 = 5*i, 0 = 4*i + i - 4*j + 1256. Let w = -231 - i. Calculate the greatest common divisor of 3 and w.
3
Let r(z) = -74*z**3. Let v be r(-2). Suppose -3*t + 4*g + 147 = 0, 27*g - 158 = -5*t + 24*g. What is the greatest common factor of v and t?
37
Let j be (-3)/(-2) + ((-3186)/(-12))/3. Suppose -i - 14*b + 13*b + j = 0, -5*i = -b - 480. Calculate the greatest common divisor of i and 95.
95
Let g = -155083 - -155149. Suppose 39 = n - 27. Calculate the highest common factor of n and g.
66
Suppose 4*z - 7*t = -10*t + 3646, -2*z - t + 1824 = 0. Calculate the greatest common factor of 332 and z.
83
Let g(m) = 24*m + 125. Let y be g(-5). Let p(x) = x**3 - 3*x**2 + 4*x - 13. Let a be p(y). What is the highest common factor of 38 and a?
19
Let p be (-16428)/10*65/(-39). What is the greatest common divisor of 740 and p?
74
Suppose -2*s + 12 = -4*h, -4*h - 16 = -0*h - s. Let o be (h + 6)/((-5)/2 + 3). Calculate the highest common factor of 98 and o.
2
Suppose -9*w + 5*w + 142 = b, 426 = 3*b + 5*w. What is the greatest common factor of 5467 and b?
71
Suppose 1212*y + 5*v = 1211*y + 6648, 3*y - 19980 = -3*v. Calculate the highest common factor of y and 6.
3
Suppose -10*i - 42 = -172. Let v(m) = -m**3 + 19*m**2 + 4*m - 63. Let j be v(19). Calculate the greatest common divisor of j and i.
13
Let o(k) = 788*k - 86. Let d be o(6). What is the greatest common factor of d and 22?
22
Suppose -4*r + 1713 = 3*d, 1719 = 3*d - 53*r + 55*r. Let p = 991 - d. What is the greatest common factor of p and 32?
32
Let l(b) = -2*b**2 - b - 2. Let m be l(-1). Let t be 6/m - (-6)/1*1. What is the highest common factor of t and 2?
2
Suppose 1479 = 43*f - 1101. Calculate the highest common factor of 150 and f.
30
Let s be 1*50 + (-7)/14*6. Suppose -x = -2*t + s - 11, -x + 72 = 4*t. Suppose 216 = 5*w - 9. Calculate the highest common factor of w and t.
9
Let d be 326/(-163)*(-1)/2. Suppose 5*g = 3*g + 62. What is the highest common divisor of g and d?
1
Let c(f) = -f**2 - 13*f + 57. Let m be c(-9). Let v = 212 - m. Calculate the highest common factor of v and 187.
17
Suppose -85 = -2*h + 3*i, -i = -9*h + 6*h + 145. Let k be 920/(-6)*-1*30/4. What is the greatest common divisor of k and h?
50
Suppose 3*a - 2 = 2*a. Suppose -a*n = -5 + 3. Let p = -12063 - -12071. Calculate the greatest common divisor of p and n.
1
Suppose 118*q - 2900 = 89*q. Calculate the highest common factor of q and 40.
20
Let h(b) = b**2 - 44*b + 360. Let g be h(8). Let f = 53 + -77. Let x = g + f. Calculate the highest common divisor of x and 24.
24
Let g(n) = -2*n**3 - n**2 - 2*n - 307. Let r be g(0). Let l = -254 - r. What is the greatest common divisor of l and 477?
53
Suppose -2*c + k + 92 = 0, 0 = 5*c + k - 4*k - 229. Let d = 50 - c. Suppose -6*p - d*u + 72 = -2*p, -20 = 5*u. What is the greatest common divisor of 3 and p?
3
Let d be (2/(-6))/(21/(-8505)). Suppose 3*g - 4*g = -187. Let f = g + -133. Calculate the greatest common factor of f and d.
27
Let d = 35853 + -29223. Calculate the greatest common factor of 45 and d.
15
Let o be (-2)/(-12) + (-150)/36. Let u be 8 - (13 + o) - (-49)/1. What is the highest common factor of u and 6?
6
Let q be 9/12 + 3/12. Let y be 11*2/(-2)*q*-13. Suppose -y = -h - 0*h - 5*x, -5*h + 646 = 2*x. What is the highest common divisor of h and 8?
8
Let k = 21 - 13. Let w = -180 - -123. Let j = 69 + w. Calculate the highest common divisor of k and j.
4
Suppose 10*d - v - 2212 = 2724, 4*d + 5*v = 1942. Calculate the greatest common factor of d and 261.
29
Let f(j) = -j**2 - 8*j + 9. Let i be f(-9). Suppose -z + 5*z - 36 = i. Suppose -6*k - 759 = -z*k. Calculate the highest common divisor of k and 23.
23
Let u be (-9 + 45/27)/((-14)/63). Let a = 1 - -2. Calculate the highest common divisor of a and u.
3
Let o(s) = 550*s**2 + 15*s - 15. Let r be o(1). Suppose -71*b + 72*b = r. Calculate the greatest common factor of 22 and b.
22
Suppose -6*s = -3*s - 24. Suppose 0 = -2*y - 0*y + 30. Suppose -18 = -y*d + 12. Calculate the highest common factor of s and d.
2
Let f = -1590 + 222. Let m be (-3)/(-2)*f/(-27). Calculate the highest common divisor of 57 and m.
19
Let w = 77 - 73. Let b be (-18494)/(-84) - w/(-48)*-2. Calculate the greatest common divisor of b and 44.
44
Suppose -5*f = -4*f - 4. Suppose 3*r - 2*r = f. Suppose -126 = -r*n - 26. Calculate the highest common factor of 75 and n.
25
Let q(r) = -2*r**2 - 62*r + 112. Let d be q(0). What is the greatest common divisor of 924 and d?
28
Suppose -9*g - 3*l - 24 = -8*g, 5*l - 220 = 5*g. Let b be (0 - -7) + g + 548. What is the highest common divisor of b and 12?
12
Let z be 4 - -4*(-400)/(-24)*(-9)/(-6). Calculate the greatest common divisor of 442 and z.
26
Let h be (0 - (0 - -55)) + (1 - -3). Let n = 59 + h. Let t = 22 - n. What is the highest common factor of t and 56?
14
Let k be ((-10)/(-5))/(0 - (-2)/(-28)). Let z be (-220)/(-14) - 8/k. Suppose z*b + 315 = 25*b. What is the greatest common divisor of 7 and b?
7
Let y(d) = 53*d**2 - 29*d - 459. Let v be y(-23). What is the greatest common factor of 105 and v?
105
Suppose 4*o = 0, -6*b + 7*b + 4*o = 41. Calculate the greatest common factor of 1107 and b.
41
Let u = 4667 - 4641. Calculate the greatest common divisor of 6682 and u.
26
Let l = -45 + 71. Suppose 2*k = -m + 38 + 108, 0 = 4*m + 2*k - 572. Let u = m + l. Calculate the greatest common factor of u and 14.
14
Let s = -14 + 28. Let p be (2 - 1)/(s/(-224)). Let c be p/24*(1 + -25). Calculate the highest common factor of 8 and c.
8
Let h = -9948 - -10508. What is the highest common factor of h and 525?
35
Let s = -2 + 18. Suppose 3*q + 50 = 3*c + q, -4*q - s = 0. Suppose 6*f - 2*f - 208 = -2*t, 2*f = 6. Calculate the highest common factor of t and c.
14
Suppose -3*f - 5*i = -6*f - 37, 15 = -5*f - i. Let n be 2/f - 181/(-2). Suppose 292906*b = 292943*b - 2220. What is the highest common factor of b and n?
30
Suppose 8*t - 15*t - 344 = -13784. What is the greatest common factor of t and 704?
64
Let p = -3 - -4. Let o be ((-73)/12)/((-42)/504). Suppose -3*v = -o + p. Calculate the greatest common factor of v and 12.
12
Suppose -14 =